+ 11. Calculate i(6).
41
Let h(t) = t + 28. What is h(-34)?
-6
Let l(s) = -s - 8. Give l(1).
-9
Let d(v) = -v**2 - 7*v - 16. Calculate d(-6).
-10
Let b(y) = y**2 - 6*y - 3. Give b(6).
-3
Let b(u) = -u**2 + 7*u - 27. Determine b(7).
-27
Let y(c) = -c**3 - 24*c**2 + 27*c + 56. Give y(-25).
6
Let z(j) = 2*j**3 + 10*j**2 + 7*j - 3. Calculate z(-4).
1
Let m(c) = 5*c**2 - 1. Give m(2).
19
Let z(v) = -2*v**2 + 8*v + 4. Calculate z(5).
-6
Let h(g) = g**3 - 8*g**2 - 37*g + 26. What is h(11)?
-18
Let y(w) = -2*w**3 + 6*w**2 + 5*w + 4. Give y(5).
-71
Let w(y) = -y**3 - 9*y**2 - 10*y - 7. What is w(-8)?
9
Let y(a) = a**3 + 8*a**2 + 26*a + 91. Calculate y(-6).
7
Let q(m) = -3*m**3 + 4*m**2 + 1. What is q(3)?
-44
Let w(v) = v**2 + 17*v - 13. Calculate w(-8).
-85
Let v(q) = -4*q**3 - 4*q**2 + 4*q + 2. Calculate v(-2).
10
Let m(a) = 6*a - 1. Calculate m(1).
5
Let n(r) = 2*r**2 + 66*r + 70. Give n(-32).
6
Let v(j) = -3*j**3 - 16*j**2 - 3*j + 6. What is v(-5)?
-4
Let i(z) = z**2 + 16*z + 10. Give i(-16).
10
Let y(c) = -c**3 - 3*c**2 + 5*c + 3. Give y(-4).
-1
Let c(s) = 4*s - 24. Calculate c(8).
8
Let c(t) = 2*t**3 + 7*t**2 + 4*t - 5. Calculate c(-4).
-37
Let y(w) = -w**3 + 2*w**2 - 8*w + 14. Determine y(3).
-19
Let y(a) = 3*a**2 + 140*a + 106. What is y(-46)?
14
Let i(y) = -y**3 - 3*y**2 + 18*y + 9. Calculate i(-6).
9
Let s(c) = -c**3 + c**2 - c - 13. What is s(0)?
-13
Let x(a) = a**2 - 3*a - 13. Determine x(6).
5
Let y(q) = q**2 - 19*q + 85. Give y(10).
-5
Let l(z) = -60*z - 1. What is l(-4)?
239
Let v(s) = -s**2 - 9*s - 2. Give v(-8).
6
Let f(g) = g**2 + 10*g - 19. Determine f(-8).
-35
Let j(i) = 9*i + 5. Determine j(-2).
-13
Let a(t) = -t**2 - 21*t - 55. Determine a(-16).
25
Let u(m) = m + 5. What is u(-6)?
-1
Let v(i) = 8*i**2 + 72*i - 15. Determine v(-9).
-15
Let q(s) = -s**3 + s**2 + s - 7. What is q(0)?
-7
Let o(g) = -10*g**2 - g + 1. What is o(1)?
-10
Let d(k) = -6*k**3 - k**2 - 4*k + 4. Determine d(1).
-7
Let p(b) = 2*b + 1. Give p(-4).
-7
Let p(r) = -4*r**2 + 3*r - 2. Give p(1).
-3
Let j(m) = -m**3 - 14*m**2 + 14*m + 2. Give j(-15).
17
Let o(r) = r - 10. Give o(-8).
-18
Let k(r) = 4*r**2 + 1. Give k(-1).
5
Let v(u) = 2*u + 2. What is v(2)?
6
Let l(g) = 2*g**2 - 3*g - 2. Calculate l(-1).
3
Let m(t) = -t**2 - 11*t + 62. Give m(-15).
2
Let l(t) = -t**3 - 28*t**2 - 26*t + 41. Calculate l(-27).
14
Let z(o) = 13*o + 329. Give z(-25).
4
Let t(c) = -4*c**3 + 2*c + 1. What is t(-2)?
29
Let m(w) = -w + 4. What is m(-13)?
17
Let q(f) = f**2 - 4*f - 53. Give q(-6).
7
Let u(p) = -p + 3. Determine u(6).
-3
Let p(w) = -w**3 - 7*w**2 + 27*w - 21. Determine p(-10).
9
Let p(f) = -f**2 + 16*f + 32. What is p(17)?
15
Let r(o) = -o + 14. What is r(0)?
14
Let s(y) = -46*y + 9. Determine s(0).
9
Let h(s) = -8*s + 41. Give h(10).
-39
Let s(m) = -m**3 - 33*m**2 + 37*m + 107. Give s(-34).
5
Let l(g) = 2*g**2 - 5*g + 5. Determine l(-3).
38
Let a(m) = m**2 + 27*m + 180. Determine a(-17).
10
Let z(v) = -2*v + 55. What is z(28)?
-1
Let b(t) = -4*t + 22. Determine b(5).
2
Let n(m) = 33*m - 5. Determine n(-2).
-71
Let m(n) = -2*n + 37. Give m(15).
7
Let t(p) = p**3 - 13*p**2 + 13*p - 4. Calculate t(12).
8
Let m(t) = t + 13. Calculate m(-13).
0
Let i(p) = -3*p**2 - 18*p - 12. What is i(-6)?
-12
Let d(l) = 4*l + 20. What is d(-6)?
-4
Let j(p) = -6*p - 36. What is j(-5)?
-6
Let r(l) = l**3 + 19*l**2 - 2. Calculate r(-19).
-2
Let a(v) = -3*v - 14. Determine a(-9).
13
Let d(p) = -p + 4. Determine d(8).
-4
Let j(m) = m**3 + 9*m**2 - 23*m - 11. Determine j(-11).
0
Let f(j) = j**3 - 6*j**2 - 6*j - 16. Give f(7).
-9
Let n(m) = 14*m**3. Calculate n(1).
14
Let t(g) = g**2 + 4*g - 1. Determine t(-4).
-1
Let j(o) = -8*o - 3. What is j(-4)?
29
Let f(g) = g**3 - 11*g**2 - 3*g + 20. What is f(11)?
-13
Let y(c) = 14*c - 5. Determine y(0).
-5
Let f(l) = l**3 + 21*l**2 - 5. Calculate f(-21).
-5
Let t(r) = 36*r**3 - 2*r**2 + 2*r - 1. Give t(1).
35
Let s(r) = r**3 + 12*r**2 - 26*r + 27. What is s(-14)?
-1
Let t(m) = m**3 + 7*m**2 - 7*m - 6. Calculate t(-8).
-14
Let p(s) = 5*s - 19. Calculate p(18).
71
Let s(g) = -g + 30. Calculate s(16).
14
Let k(a) = -a**3 - 6*a**2 + 13*a + 6. What is k(-6)?
-72
Let r(z) = -z**2 - 5*z + 16. Give r(-8).
-8
Let r(y) = -y**2 + 13*y - 13. What is r(9)?
23
Let f(z) = 2*z. Calculate f(-5).
-10
Let z(d) = d**3 - 3*d**2 + d + 6. What is z(4)?
26
Let l(i) = -i**3 + 11*i**2 + 13*i - 2. Determine l(12).
10
Let w(z) = 26*z - 52. Give w(7).
130
Let b(w) = -w**3 + 3*w**2 + 8*w - 4. What is b(5)?
-14
Let j(s) = s**2 + 2*s + 60. Determine j(0).
60
Let s(p) = p**2 - 11*p + 24. Give s(7).
-4
Let u(x) = 2*x - 32. Give u(14).
-4
Let x(l) = -l**3 + 16*l**2 - 9*l - 22. Determine x(15).
68
Let v(a) = 38*a - 155. Determine v(4).
-3
Let q(l) = 8*l**3 - 2*l**2 - l + 3. Determine q(-2).
-67
Let l(v) = v**2 + 10*v + 22. Give l(-7).
1
Let c(n) = 3*n**2 + 39*n + 3. Give c(-13).
3
Let w(h) = h**2 + 4. Determine w(-4).
20
Let p(i) = 23*i**2 + 7*i - 13. Determine p(2).
93
Let s(f) = f**2 - 37*f - 261. Calculate s(43).
-3
Let n(o) = -9*o**2 + o. Determine n(1).
-8
Let k(w) = w**3 - 7*w**2 + 7*w. Give k(6).
6
Let w(x) = -13*x**2 - x + 1. Determine w(-1).
-11
Let z(l) = 3*l - 52. Calculate z(21).
11
Let w(b) = -b**2 + 18*b + 38. Calculate w(23).
-77
Let w(s) = 17*s - 358. Give w(21).
-1
Let g(z) = z**3 + 7*z**2 + 9*z - 6. What is g(-4)?
6
Let n(p) = -p**3 - 7*p**2 + 32*p + 26. Determine n(-10).
6
Let j(o) = o**2 + 11*o - 59. Determine j(-14).
-17
Let t(k) = 5*k**3 - 29*k**2 - 7*k + 7. What is t(6)?
1
Let m(p) = p - 6. Give m(17).
11
Let p(n) = 3*n**2 - 5*n - 6. What is p(3)?
6
Let b(f) = -17*f**3 + 2*f + 2. What is b(-1)?
17
Let c(g) = 12*g - 14. Give c(2).
10
Let s(f) = 14*f - 151. What is s(12)?
17
Let x(l) = 2*l**3 + 2*l**2 - 2*l. Determine x(-2).
-4
Let j(l) = -l**2 - 21*l - 82. Determine j(-6).
8
Let h(n) = -2*n + 6. Give h(3).
0
Let s(x) = -7*x**2 - 8*x + 48. Calculate s(5).
-167
Let v(r) = -r**2 + 4*r + 5. Determine v(-5).
-40
Let d(q) = -12*q - 4. Determine d(-2).
20
Let n(i) = -i**2 - 9*i - 15. Determine n(-7).
-1
Let c(h) = -h**3 + 3*h**2 + 4*h + 1. What is c(3)?
13
Let c(w) = w**3 - 3*w**2 - 7*w + 5. Calculate c(4).
-7
Let a(y) = y**3 + 5*y**2 - 11*y + 10. Give a(-9).
-215
Let b(d) = -d - 4. Give b(7).
-11
Let q(v) = 26*v - 230. Give q(9).
4
Let m(j) = 3*j**2 + 25*j - 25. Calculate m(1).
3
Let v(z) = z**2 + 7*z + 4. Calculate v(-5).
-6
Let u(i) = 3*i**2 + 16*i + 7. Determine u(-6).
19
Let r(f) = 6*f**2 - f. Determine r(-1).
7
Let c(i) = -3*i**2 + 5*i + 4. What is c(4)?
-24
Let l(w) = -w**3 - 14*w**2 + 3*w + 2. Give l(-14).
-40
Let o(m) = 6*m**2 + 6*m - 13. What is o(2)?
23
Let l(x) = x**3 - 6*x**2 - 9*x + 14. Give l(7).
0
Let y(w) = 31*w**3 + 2*w**2 - 1. Give y(-1).
-30
Let n(s) = s**3 - 5*s**2 + s - 4. Calculate n(5).
1
Let r(o) = 14*o + 4. Calculate r(-7).
-94
Let w(a) = -2*a**2 + 12*a - 2. What is w(6)?
-2
Let y(t) = t - 22. What is y(34)?
12
Let c(y) = -y**2 + 11*y - 2. Give c(8).
22
Let t(n) = n**3 - 2*n**2 - 41*n + 52. Give t(7).
10
Let l(y) = -2*y**3 + 4*y - 3. Calculate l(2).
-11
Let r(u) = 2*u**2 - 45*u + 211. Calculate r(16).
3
Let o(r) = r**3 - 7*r**2 + 29*r - 128. Determine o(6).
10
Let h(j) = j**2 - 9*j + 9. Give h(7).
-5
Let s(h) = h**2 + 20*h + 48. Calculate s(-20).
48
Let w(z) = 2*z**3 - 32*z**2 - 36*z + 43. What is w(17)?
9
Let b(y) = y**2 - 17*y - 9. Calculate b(18).
9
Let s(x) = 8*x - 51. What is s(6)?
-3
Let c(o) = -o**3 - 7*o**2 - o - 16. What is c(-8)?
56
Let u(n) = 6*n**2 - 1. Give u(3).
53
Let t(k) = k**2 - 11*k. What is t(10)?
-10
Let n(z) = z + 27. Calculate n(-14).
13
Let k(l) = -l + 11. Determine k(11).
0
Let p(i) = -2*i**2 - 2*i + 16. Calculate p(4).
-24
Let b(s) = -4*s**2 - 72*s - 8. Give b(-18).
-8
Let f(r) = r. Determine f(2).
2
Let i(b) = -b**3 - 8*b**2 - 11*b - 25. Calculate i(-7).
3
Let w(c) = c**2 + 11*c + 10. Give w(-10).
0
Let k(y) = -18*y - 15. What is k(-3)?
39
Let y(u) = -u**3 - 7*u**2 + 29*u - 2. Give y(-10).
8
Let u(n) = n**3 + n**2 - n - 2. Calculate u(-2).
-4
Let y(s) = -s - 33. Calculate y(6).
-39
Let a(p) = p**3 - 20*p**2 - 4*p - 23. What is a(20)?
-103
Let f(l) = l**2 - 13*l - 18. Give f(13).
-18
Let l(p) = -p**2 - 6*p - 1. What is l(-6)?
-1
Let k(t) = 11*t - 28. Give k(5).
27
Let h(y) = y**3 + 10*y**2 + 7*y - 9. Calculate h(-9).
9
Let w(l) 